 180 and 467220.
60
Calculate the highest common divisor of 3175 and 24511.
127
What is the greatest common factor of 11137 and 129?
43
Calculate the greatest common factor of 6800 and 49130.
170
Calculate the greatest common divisor of 201143 and 213.
71
Calculate the highest common factor of 65 and 1264770.
65
What is the highest common divisor of 4840 and 3190?
110
What is the highest common factor of 1926 and 354?
6
What is the highest common factor of 45 and 298950?
15
Calculate the highest common divisor of 166263 and 157.
157
What is the highest common divisor of 585648 and 12?
12
Calculate the greatest common factor of 1519177 and 33.
11
What is the greatest common divisor of 29187 and 9?
9
What is the greatest common factor of 7106 and 712538?
646
What is the highest common divisor of 81300 and 75?
75
Calculate the greatest common factor of 494654 and 3006.
334
What is the greatest common factor of 5010 and 150?
30
What is the greatest common divisor of 2142 and 3978?
306
Calculate the greatest common divisor of 18 and 6013674.
18
What is the greatest common divisor of 3641 and 187?
11
What is the highest common divisor of 35084 and 4263?
49
What is the greatest common factor of 540298 and 198?
22
Calculate the greatest common divisor of 129430 and 110.
10
What is the highest common divisor of 286497 and 1834?
131
What is the greatest common factor of 3 and 12642?
3
What is the greatest common factor of 188305 and 65?
65
What is the highest common divisor of 16038 and 40?
2
Calculate the greatest common factor of 9081 and 192.
3
What is the greatest common divisor of 180837 and 12141?
639
Calculate the highest common factor of 91 and 2068885.
91
Calculate the highest common divisor of 28 and 2808.
4
Calculate the greatest common factor of 306 and 10472.
34
Calculate the greatest common factor of 180 and 1253180.
20
Calculate the greatest common divisor of 10325 and 15281.
413
What is the greatest common divisor of 231365 and 75?
5
What is the highest common divisor of 2 and 1290?
2
Calculate the highest common factor of 7 and 371231.
7
What is the greatest common factor of 42528 and 560?
16
What is the greatest common divisor of 187248 and 848?
16
Calculate the greatest common factor of 6838845 and 78.
39
What is the greatest common factor of 26 and 764686?
26
What is the highest common divisor of 4940 and 12160?
380
What is the highest common factor of 1846 and 377?
13
What is the highest common factor of 201480 and 11316?
276
Calculate the greatest common factor of 43686 and 108.
54
Calculate the highest common factor of 75752 and 136.
136
Calculate the highest common divisor of 7980 and 1953.
21
What is the greatest common divisor of 48581 and 1924?
481
Calculate the highest common divisor of 1479292 and 1439.
1439
Calculate the greatest common divisor of 551444 and 4272.
356
Calculate the highest common factor of 522 and 146718.
18
What is the greatest common factor of 226 and 285664?
226
What is the highest common factor of 152 and 3075568?
152
What is the greatest common divisor of 88 and 1385626?
22
Calculate the greatest common divisor of 1037751 and 533.
533
What is the highest common factor of 68 and 162214?
34
What is the greatest common factor of 1374 and 3018678?
1374
What is the greatest common factor of 316 and 172?
4
Calculate the greatest common factor of 42 and 686526.
6
What is the highest common divisor of 320472 and 387?
9
Calculate the greatest common factor of 171319 and 67.
67
What is the greatest common factor of 1640 and 980?
20
Calculate the highest common divisor of 1431 and 27891.
27
What is the greatest common factor of 1457 and 7781?
31
Calculate the greatest common divisor of 1032 and 51.
3
What is the highest common divisor of 54180 and 1800?
180
What is the highest common factor of 332 and 212812?
332
Calculate the highest common divisor of 46 and 716036.
46
Calculate the greatest common divisor of 42588 and 17082.
234
Calculate the highest common factor of 790 and 50086.
158
What is the highest common factor of 20 and 1384115?
5
What is the highest common factor of 230 and 14230?
10
Calculate the greatest common factor of 1650 and 624800.
550
What is the highest common divisor of 113825 and 5800?
725
Calculate the greatest common factor of 107388 and 3420.
684
What is the highest common divisor of 63271 and 2015?
403
What is the highest common factor of 36938 and 88?
22
What is the greatest common divisor of 17699 and 352?
11
Calculate the highest common divisor of 27936 and 27548.
388
Calculate the highest common factor of 1875 and 74415.
15
What is the highest common factor of 180 and 8919?
9
Calculate the greatest common divisor of 1406 and 665.
19
What is the highest common factor of 1207100 and 75?
25
Calculate the highest common divisor of 44 and 28171.
11
What is the highest common divisor of 55939 and 662?
331
Calculate the highest common divisor of 17296 and 207.
23
Calculate the highest common factor of 13448 and 23944.
328
Calculate the highest common divisor of 7 and 228011.
7
Calculate the highest common divisor of 444780 and 23940.
1260
Calculate the highest common factor of 296673 and 39.
39
What is the greatest common divisor of 177134 and 8184?
62
What is the highest common factor of 14137 and 1899?
211
Calculate the highest common factor of 36868 and 104.
52
Calculate the greatest common factor of 40 and 381112.
8
Calculate the highest common factor of 10908 and 25668.
36
What is the greatest common factor of 103747 and 7?
7
What is the highest common factor of 5476 and 1627741?
1369
What is the greatest common divisor of 1107 and 96063?
123
What is the greatest common factor of 29379 and 147?
21
What is the greatest common divisor of 93237 and 6?
3
What is the highest common divisor of 968824 and 2429?
347
What is the greatest common factor of 96264 and 576?
72
What is the highest common divisor of 1359 and 162929?
151
What is the highest common divisor of 168428 and 27729?
1027
Calculate the greatest common factor of 2428849 and 298.
149
Calculate the highest common factor of 75 and 4905.
15
What is the greatest common factor of 104669 and 116654?
799
What is the highest common factor of 1509 and 805806?
1509
Calculate the greatest common divisor of 5757 and 14544.
303
Calculate the highest common factor of 22833 and 5031.
387
What is the greatest common divisor of 3210 and 42510?
30
Calculate the highest common factor of 6975 and 525.
75
Calculate the highest common divisor of 780153 and 1.
1
Calculate the greatest common divisor of 13086 and 12.
6
What is the greatest common factor of 162 and 47826?
18
What is the highest common factor of 10675 and 4725?
175
Calculate the highest common factor of 40896 and 80.
16
Calculate the greatest common divisor of 98 and 868.
14
Calculate the greatest common factor of 52 and 5642.
26
What is the greatest common divisor of 22 and 1718695?
11
What is the highest common divisor of 177720 and 1080?
120
Calculate the highest common divisor of 951790 and 70.
70
What is the greatest common factor of 223146 and 126?
126
Calculate the highest common divisor of 3675 and 200.
25
What is the greatest common factor of 68130 and 840?
30
Calculate the highest common factor of 3054 and 72.
6
Calculate the highest common divisor of 22608 and 3600.
144
Calculate the highest common divisor of 5122 and 205668.
394
Calculate the highest common factor of 168224 and 224.
224
Calculate the highest common factor of 33 and 119207.
11
Calculate the highest common divisor of 7296 and 8265.
57
Calculate the greatest common factor of 930 and 70215.
465
Calculate the highest common factor of 4895 and 715.
55
What is the highest common divisor of 2160 and 191430?
270
What is the greatest common divisor of 1085 and 5215?
35
Calculate the highest common divisor of 63383 and 241.
241
Calculate the highest common factor of 11288 and 128.
8
What is the highest common factor of 2064 and 645?
129
Calculate the greatest common divisor of 414023 and 18377.
1081
What is the highest common factor of 2141111 and 7?
7
Calculate the highest common divisor of 150400 and 5600.
800
What is the greatest common divisor of 11256 and 168?
168
What is the greatest common divisor of 4065 